{"id":1219,"date":"2022-05-30T13:24:05","date_gmt":"2022-05-30T11:24:05","guid":{"rendered":"https:\/\/smav.alwaysdata.net\/test\/?page_id=1219"},"modified":"2023-06-23T16:40:51","modified_gmt":"2023-06-23T14:40:51","slug":"galerie-video-shiloh-heritage","status":"publish","type":"page","link":"https:\/\/smav.alwaysdata.net\/test\/index.php\/galerie-video-shiloh-heritage\/","title":{"rendered":"Galerie VIDEO Shiloh Heritage"},"content":{"rendered":"\t\t<div data-elementor-type=\"wp-page\" data-elementor-id=\"1219\" class=\"elementor elementor-1219\" data-elementor-settings=\"[]\">\n\t\t\t\t\t\t\t<div class=\"elementor-section-wrap\">\n\t\t\t\t\t\t\t<section class=\"elementor-section elementor-top-section elementor-element elementor-element-ac10ee1 elementor-section-boxed elementor-section-height-default elementor-section-height-default\" data-id=\"ac10ee1\" data-element_type=\"section\">\n\t\t\t\t\t\t<div class=\"elementor-container elementor-column-gap-default\">\n\t\t\t\t\t\t\t\t<\/div>\n\t\t<\/section>\n\t\t\t\t<section class=\"elementor-section elementor-top-section elementor-element elementor-element-47000d1c elementor-section-content-middle elementor-section-boxed elementor-section-height-default elementor-section-height-default\" data-id=\"47000d1c\" data-element_type=\"section\">\n\t\t\t\t\t\t<div class=\"elementor-container elementor-column-gap-default\">\n\t\t\t\t\t<div class=\"elementor-column elementor-col-50 elementor-top-column elementor-element elementor-element-6cfb31e1\" data-id=\"6cfb31e1\" data-element_type=\"column\">\n\t\t\t<div class=\"elementor-widget-wrap elementor-element-populated\">\n\t\t\t\t\t\t\t\t<div class=\"elementor-element elementor-element-78689f1 elementor-widget elementor-widget-image\" data-id=\"78689f1\" data-element_type=\"widget\" data-widget_type=\"image.default\">\n\t\t\t\t<div class=\"elementor-widget-container\">\n\t\t\t\t\t\t\t\t\t\t\t\t\t\t\t\t<a href=\"https:\/\/smav.alwaysdata.net\/test\/\">\n\t\t\t\t\t\t\t<img decoding=\"async\" src=\"https:\/\/smav.alwaysdata.net\/test\/wp-content\/uploads\/2023\/06\/logo-noho-studio-web.jpg\" title=\"logo-noho-studio-web\" alt=\"logo-noho-studio-web\" \/>\t\t\t\t\t\t\t\t<\/a>\n\t\t\t\t\t\t\t\t\t\t\t\t\t\t\t<\/div>\n\t\t\t\t<\/div>\n\t\t\t\t\t<\/div>\n\t\t<\/div>\n\t\t\t\t<div class=\"elementor-column elementor-col-50 elementor-top-column elementor-element elementor-element-637c3c28\" data-id=\"637c3c28\" data-element_type=\"column\">\n\t\t\t<div class=\"elementor-widget-wrap elementor-element-populated\">\n\t\t\t\t\t\t\t\t<div class=\"elementor-element elementor-element-32d5b869 elementor-widget elementor-widget-ekit-nav-menu\" data-id=\"32d5b869\" data-element_type=\"widget\" data-widget_type=\"ekit-nav-menu.default\">\n\t\t\t\t<div class=\"elementor-widget-container\">\n\t\t\t<div class=\"ekit-wid-con ekit_menu_responsive_tablet\" data-hamburger-icon=\"\" data-hamburger-icon-type=\"icon\" data-responsive-breakpoint=\"1024\">            <button class=\"elementskit-menu-hamburger elementskit-menu-toggler\">\n                                    <span class=\"elementskit-menu-hamburger-icon\"><\/span><span class=\"elementskit-menu-hamburger-icon\"><\/span><span class=\"elementskit-menu-hamburger-icon\"><\/span>\n                            <\/button>\n            <div id=\"ekit-megamenu-main-menu\" class=\"elementskit-menu-container elementskit-menu-offcanvas-elements elementskit-navbar-nav-default elementskit_fill_arrow ekit-nav-menu-one-page-no\"><ul id=\"menu-main-menu\" class=\"elementskit-navbar-nav elementskit-menu-po-center submenu-click-on-icon\"><li id=\"menu-item-75\" class=\"menu-item menu-item-type-post_type menu-item-object-page menu-item-home menu-item-has-children menu-item-75 nav-item elementskit-dropdown-has relative_position elementskit-dropdown-menu-default_width elementskit-mobile-builder-content\" data-vertical-menu=750px><a href=\"https:\/\/smav.alwaysdata.net\/test\/\" class=\"ekit-menu-nav-link ekit-menu-dropdown-toggle\">Prestations Studio<i class=\"icon icon-down-arrow1 elementskit-submenu-indicator\"><\/i><\/a>\n<ul class=\"elementskit-dropdown elementskit-submenu-panel\">\n\t<li id=\"menu-item-568\" class=\"menu-item menu-item-type-post_type menu-item-object-page menu-item-568 nav-item elementskit-mobile-builder-content\" data-vertical-menu=750px><a href=\"https:\/\/smav.alwaysdata.net\/test\/index.php\/reportages\/\" class=\" dropdown-item\">Reportages Photo &#038; Vid\u00e9o<\/a>\t<li id=\"menu-item-736\" class=\"menu-item menu-item-type-post_type menu-item-object-page menu-item-736 nav-item elementskit-mobile-builder-content\" data-vertical-menu=750px><a href=\"https:\/\/smav.alwaysdata.net\/test\/index.php\/flyers-affiches-brochures\/\" class=\" dropdown-item\">Supports print<\/a>\t<li id=\"menu-item-1033\" class=\"menu-item menu-item-type-post_type menu-item-object-page menu-item-1033 nav-item elementskit-mobile-builder-content\" data-vertical-menu=750px><a href=\"https:\/\/smav.alwaysdata.net\/test\/index.php\/formules-et-tarifs\/\" class=\" dropdown-item\">Formules &#038; Tarifs<\/a><\/ul>\n<\/li>\n<li id=\"menu-item-1443\" class=\"menu-item menu-item-type-post_type menu-item-object-page menu-item-1443 nav-item elementskit-mobile-builder-content\" data-vertical-menu=750px><a href=\"https:\/\/smav.alwaysdata.net\/test\/index.php\/maison-noho\/\" class=\"ekit-menu-nav-link\">Maison NoHo<\/a><\/li>\n<li id=\"menu-item-572\" class=\"menu-item menu-item-type-post_type menu-item-object-page menu-item-572 nav-item elementskit-mobile-builder-content\" data-vertical-menu=750px><a href=\"https:\/\/smav.alwaysdata.net\/test\/index.php\/accueil-galerie\/\" class=\"ekit-menu-nav-link\">Galerie<\/a><\/li>\n<li id=\"menu-item-533\" class=\"menu-item menu-item-type-post_type menu-item-object-page menu-item-533 nav-item elementskit-mobile-builder-content\" data-vertical-menu=750px><a href=\"https:\/\/smav.alwaysdata.net\/test\/index.php\/home-2\/\" class=\"ekit-menu-nav-link\">\u00c0 propos<\/a><\/li>\n<li id=\"menu-item-770\" class=\"menu-item menu-item-type-post_type menu-item-object-page menu-item-770 nav-item elementskit-mobile-builder-content\" data-vertical-menu=750px><a href=\"https:\/\/smav.alwaysdata.net\/test\/index.php\/contact\/\" class=\"ekit-menu-nav-link\">Contact<\/a><\/li>\n<\/ul>\n\t\t\t\t<div class=\"elementskit-nav-identity-panel\">\n\t\t\t\t\t<div class=\"elementskit-site-title\">\n\t\t\t\t\t\t<a class=\"elementskit-nav-logo\" href=\"https:\/\/smav.alwaysdata.net\/test\" target=\"_self\" rel=\"\">\n                            \n\t\t\t\t\t\t<\/a> \n\t\t\t\t\t<\/div>\n\t\t\t\t\t<button class=\"elementskit-menu-close elementskit-menu-toggler\" type=\"button\">X<\/button>\n\t\t\t\t<\/div>\n\t\t\t<\/div><div class=\"elementskit-menu-overlay elementskit-menu-offcanvas-elements elementskit-menu-toggler ekit-nav-menu--overlay\"><\/div><\/div>\t\t<\/div>\n\t\t\t\t<\/div>\n\t\t\t\t\t<\/div>\n\t\t<\/div>\n\t\t\t\t\t\t\t<\/div>\n\t\t<\/section>\n\t\t\t\t<section class=\"elementor-section elementor-top-section elementor-element elementor-element-788b380b elementor-section-height-min-height elementor-section-boxed elementor-section-height-default elementor-section-items-middle\" data-id=\"788b380b\" data-element_type=\"section\">\n\t\t\t\t\t\t<div class=\"elementor-container elementor-column-gap-wider\">\n\t\t\t\t\t<div class=\"elementor-column elementor-col-50 elementor-top-column elementor-element elementor-element-3bd1aaa9\" data-id=\"3bd1aaa9\" data-element_type=\"column\">\n\t\t\t<div class=\"elementor-widget-wrap elementor-element-populated\">\n\t\t\t\t\t\t\t\t<div class=\"elementor-element elementor-element-65c339f elementor-widget elementor-widget-image\" data-id=\"65c339f\" data-element_type=\"widget\" data-widget_type=\"image.default\">\n\t\t\t\t<div class=\"elementor-widget-container\">\n\t\t\t\t\t\t\t\t\t\t\t\t\t\t\t\t<a href=\"https:\/\/www.youtube.com\/shorts\/dKfKwQBDIlI\" target=\"_blank\">\n\t\t\t\t\t\t\t<img loading=\"lazy\" decoding=\"async\" width=\"569\" height=\"1024\" src=\"https:\/\/smav.alwaysdata.net\/test\/wp-content\/uploads\/2022\/05\/Capture-de\u0301cran-2022-05-30-a\u0300-13.24.18-569x1024.png\" class=\"attachment-large size-large\" alt=\"\" srcset=\"https:\/\/smav.alwaysdata.net\/test\/wp-content\/uploads\/2022\/05\/Capture-de\u0301cran-2022-05-30-a\u0300-13.24.18-569x1024.png 569w, https:\/\/smav.alwaysdata.net\/test\/wp-content\/uploads\/2022\/05\/Capture-de\u0301cran-2022-05-30-a\u0300-13.24.18-167x300.png 167w, https:\/\/smav.alwaysdata.net\/test\/wp-content\/uploads\/2022\/05\/Capture-de\u0301cran-2022-05-30-a\u0300-13.24.18-768x1381.png 768w, https:\/\/smav.alwaysdata.net\/test\/wp-content\/uploads\/2022\/05\/Capture-de\u0301cran-2022-05-30-a\u0300-13.24.18-854x1536.png 854w, https:\/\/smav.alwaysdata.net\/test\/wp-content\/uploads\/2022\/05\/Capture-de\u0301cran-2022-05-30-a\u0300-13.24.18.png 882w\" sizes=\"auto, (max-width: 569px) 100vw, 569px\" \/>\t\t\t\t\t\t\t\t<\/a>\n\t\t\t\t\t\t\t\t\t\t\t\t\t\t\t<\/div>\n\t\t\t\t<\/div>\n\t\t\t\t<div class=\"elementor-element elementor-element-432850f7 elementor-widget elementor-widget-spacer\" data-id=\"432850f7\" data-element_type=\"widget\" data-widget_type=\"spacer.default\">\n\t\t\t\t<div class=\"elementor-widget-container\">\n\t\t\t\t\t<div class=\"elementor-spacer\">\n\t\t\t<div class=\"elementor-spacer-inner\"><\/div>\n\t\t<\/div>\n\t\t\t\t<\/div>\n\t\t\t\t<\/div>\n\t\t\t\t\t<\/div>\n\t\t<\/div>\n\t\t\t\t<div class=\"elementor-column elementor-col-50 elementor-top-column elementor-element elementor-element-1f84e0a3\" data-id=\"1f84e0a3\" data-element_type=\"column\">\n\t\t\t<div class=\"elementor-widget-wrap elementor-element-populated\">\n\t\t\t\t\t\t\t\t<div class=\"elementor-element elementor-element-5684863 elementor-widget elementor-widget-heading\" data-id=\"5684863\" data-element_type=\"widget\" data-widget_type=\"heading.default\">\n\t\t\t\t<div class=\"elementor-widget-container\">\n\t\t\t<h2 class=\"elementor-heading-title elementor-size-default\"><\/h2>\t\t<\/div>\n\t\t\t\t<\/div>\n\t\t\t\t<div class=\"elementor-element elementor-element-5912634 elementor-widget elementor-widget-heading\" data-id=\"5912634\" data-element_type=\"widget\" data-widget_type=\"heading.default\">\n\t\t\t\t<div class=\"elementor-widget-container\">\n\t\t\t<h2 class=\"elementor-heading-title elementor-size-default\">SHILOH HERITAGE<\/h2>\t\t<\/div>\n\t\t\t\t<\/div>\n\t\t\t\t<div class=\"elementor-element elementor-element-fbfa5da elementor-widget elementor-widget-text-editor\" data-id=\"fbfa5da\" data-element_type=\"widget\" data-widget_type=\"text-editor.default\">\n\t\t\t\t<div class=\"elementor-widget-container\">\n\t\t\t\t\t\t\t<p><span style=\"color: #999999; font-family: Manrope, sans-serif; font-size: 13px; word-spacing: 1px;\">Des bottes fabriqu\u00e9es \u00e0 la main dans une usine au savoir-faire centenaire.<br>Voici les valeurs de Shiloh Heritage.<br>Ce tournage avait pour but de donner vie \u00e0 ces cr\u00e9ations uniques inspir\u00e9es de l&rsquo;univers Santiag. <br>La journ\u00e9e parisienne au rythme des pas claquant sur les pav\u00e9s, du matin jusqu&rsquo;au soir, une botte qui vous suit partout gr\u00e2ce \u00e0 un confort absolu.<\/span><\/p>\n<p><span style=\"color: #999999; font-family: Manrope, sans-serif;\"><span style=\"font-size: 13px; word-spacing: 1px;\">juil. 2021<\/span><\/span><\/p><p><em><span style=\"color: #999999; font-family: Manrope, sans-serif;\"><span style=\"font-size: 13px; word-spacing: 1px;\">cliquez sur l&rsquo;image pour lancer la lecture<\/span><\/span><\/em><\/p>\t\t\t\t\t\t<\/div>\n\t\t\t\t<\/div>\n\t\t\t\t\t<\/div>\n\t\t<\/div>\n\t\t\t\t\t\t\t<\/div>\n\t\t<\/section>\n\t\t\t\t<section class=\"elementor-section elementor-top-section elementor-element elementor-element-f233771 elementor-section-height-min-height elementor-section-boxed elementor-section-height-default elementor-section-items-middle\" data-id=\"f233771\" data-element_type=\"section\">\n\t\t\t\t\t\t<div class=\"elementor-container elementor-column-gap-wider\">\n\t\t\t\t\t<div class=\"elementor-column elementor-col-50 elementor-top-column elementor-element elementor-element-b2d573b\" data-id=\"b2d573b\" data-element_type=\"column\">\n\t\t\t<div class=\"elementor-widget-wrap elementor-element-populated\">\n\t\t\t\t\t\t\t\t<div class=\"elementor-element elementor-element-875f1b8 elementor-widget elementor-widget-heading\" data-id=\"875f1b8\" data-element_type=\"widget\" data-widget_type=\"heading.default\">\n\t\t\t\t<div class=\"elementor-widget-container\">\n\t\t\t<h2 class=\"elementor-heading-title elementor-size-default\">[vid\u00e9o backstage]<\/h2>\t\t<\/div>\n\t\t\t\t<\/div>\n\t\t\t\t<div class=\"elementor-element elementor-element-6a79281 elementor-widget elementor-widget-heading\" data-id=\"6a79281\" data-element_type=\"widget\" data-widget_type=\"heading.default\">\n\t\t\t\t<div class=\"elementor-widget-container\">\n\t\t\t<h2 class=\"elementor-heading-title elementor-size-default\">SHILOH HERITAGE<\/h2>\t\t<\/div>\n\t\t\t\t<\/div>\n\t\t\t\t<div class=\"elementor-element elementor-element-48e4a2f elementor-widget elementor-widget-text-editor\" data-id=\"48e4a2f\" data-element_type=\"widget\" data-widget_type=\"text-editor.default\">\n\t\t\t\t<div class=\"elementor-widget-container\">\n\t\t\t\t\t\t\t<p><span style=\"color: #999999; font-family: Manrope, sans-serif;\"><span style=\"font-size: 13px; word-spacing: 1px;\">La vid\u00e9o Backstage vient se placer comme \u00ab\u00a0d\u00e9complex\u00e9e\u00a0\u00bb aux c\u00f4t\u00e9s de la vid\u00e9o Lifestyle.<br \/>Elle permet de donner un ton plus l\u00e9ger, de faire entrer le public dans les coulisses, de l&rsquo;int\u00e9grer \u00e0 l&rsquo;histoire.<br \/>On parle des humains derri\u00e8re la marque, on v\u00e9hicule une ambiance, un univers.<\/span><\/span><\/p><p><span style=\"color: #999999; font-family: Manrope, sans-serif;\"><span style=\"font-size: 13px; word-spacing: 1px;\">Le produit y est tout aussi mis en valeur mais dans un contexte plus accessible et plus ouvert.<\/span><\/span><\/p><p><span style=\"color: #999999; font-family: Manrope, sans-serif;\"><span style=\"font-size: 13px; word-spacing: 1px;\">J&rsquo;aime r\u00e9\u00e8llement cr\u00e9er ces vid\u00e9os qui me permettent de capter des sourires et des moments de complicit\u00e9 vol\u00e9s.<br \/><strong>J&rsquo;y retrouve l&rsquo;esprit de reportage que j&rsquo;affectionne particuli\u00e8rement.<\/strong><\/span><\/span><\/p><p><span style=\"color: #999999; font-family: Manrope, sans-serif;\"><span style=\"font-size: 13px; word-spacing: 1px;\">avril 2020<\/span><\/span><\/p>\t\t\t\t\t\t<\/div>\n\t\t\t\t<\/div>\n\t\t\t\t\t<\/div>\n\t\t<\/div>\n\t\t\t\t<div class=\"elementor-column elementor-col-50 elementor-top-column elementor-element elementor-element-f2f24e4\" data-id=\"f2f24e4\" data-element_type=\"column\">\n\t\t\t<div class=\"elementor-widget-wrap elementor-element-populated\">\n\t\t\t\t\t\t\t\t<div class=\"elementor-element elementor-element-9d524b3 elementor-aspect-ratio-916 elementor-widget elementor-widget-video\" data-id=\"9d524b3\" data-element_type=\"widget\" data-settings=\"{&quot;youtube_url&quot;:&quot;https:\\\/\\\/www.youtube.com\\\/watch?v=iD32VEw_Ezg&quot;,&quot;aspect_ratio&quot;:&quot;916&quot;,&quot;video_type&quot;:&quot;youtube&quot;,&quot;controls&quot;:&quot;yes&quot;}\" data-widget_type=\"video.default\">\n\t\t\t\t<div class=\"elementor-widget-container\">\n\t\t\t\t\t<div class=\"elementor-wrapper elementor-fit-aspect-ratio elementor-open-inline\">\n\t\t\t<div class=\"elementor-video\"><\/div>\t\t<\/div>\n\t\t\t\t<\/div>\n\t\t\t\t<\/div>\n\t\t\t\t<div class=\"elementor-element elementor-element-f2a9ff3 elementor-widget elementor-widget-spacer\" data-id=\"f2a9ff3\" data-element_type=\"widget\" data-widget_type=\"spacer.default\">\n\t\t\t\t<div class=\"elementor-widget-container\">\n\t\t\t\t\t<div class=\"elementor-spacer\">\n\t\t\t<div class=\"elementor-spacer-inner\"><\/div>\n\t\t<\/div>\n\t\t\t\t<\/div>\n\t\t\t\t<\/div>\n\t\t\t\t\t<\/div>\n\t\t<\/div>\n\t\t\t\t\t\t\t<\/div>\n\t\t<\/section>\n\t\t\t\t<section class=\"elementor-section elementor-top-section elementor-element elementor-element-fc1ee96 elementor-section-boxed elementor-section-height-default elementor-section-height-default\" data-id=\"fc1ee96\" data-element_type=\"section\">\n\t\t\t\t\t\t<div class=\"elementor-container elementor-column-gap-default\">\n\t\t\t\t\t<div class=\"elementor-column elementor-col-100 elementor-top-column elementor-element elementor-element-4bc8e9e\" data-id=\"4bc8e9e\" data-element_type=\"column\">\n\t\t\t<div class=\"elementor-widget-wrap elementor-element-populated\">\n\t\t\t\t\t\t\t\t<div class=\"elementor-element elementor-element-0a0e067 elementor-align-center elementor-widget elementor-widget-button\" data-id=\"0a0e067\" data-element_type=\"widget\" data-widget_type=\"button.default\">\n\t\t\t\t<div class=\"elementor-widget-container\">\n\t\t\t\t\t<div class=\"elementor-button-wrapper\">\n\t\t\t<a href=\"#\" class=\"elementor-button-link elementor-button elementor-size-md\" role=\"button\">\n\t\t\t\t\t\t<span class=\"elementor-button-content-wrapper\">\n\t\t\t\t\t\t<span class=\"elementor-button-text\">CR\u00c9ONS VOTRE VID\u00c9O<\/span>\n\t\t<\/span>\n\t\t\t\t\t<\/a>\n\t\t<\/div>\n\t\t\t\t<\/div>\n\t\t\t\t<\/div>\n\t\t\t\t\t<\/div>\n\t\t<\/div>\n\t\t\t\t\t\t\t<\/div>\n\t\t<\/section>\n\t\t\t\t<section class=\"elementor-section elementor-top-section elementor-element elementor-element-59d01dd elementor-section-height-min-height elementor-section-boxed elementor-section-height-default elementor-section-items-middle\" data-id=\"59d01dd\" data-element_type=\"section\" data-settings=\"{&quot;background_background&quot;:&quot;classic&quot;}\">\n\t\t\t\t\t\t<div class=\"elementor-container elementor-column-gap-default\">\n\t\t\t\t\t<div class=\"elementor-column elementor-col-100 elementor-top-column elementor-element elementor-element-c086d35\" data-id=\"c086d35\" data-element_type=\"column\">\n\t\t\t<div class=\"elementor-widget-wrap elementor-element-populated\">\n\t\t\t\t\t\t\t\t<section class=\"elementor-section elementor-inner-section elementor-element elementor-element-7ec86fc elementor-section-boxed elementor-section-height-default elementor-section-height-default\" data-id=\"7ec86fc\" data-element_type=\"section\">\n\t\t\t\t\t\t<div class=\"elementor-container elementor-column-gap-default\">\n\t\t\t\t\t<div class=\"elementor-column elementor-col-50 elementor-inner-column elementor-element elementor-element-5bb253c\" data-id=\"5bb253c\" data-element_type=\"column\">\n\t\t\t<div class=\"elementor-widget-wrap elementor-element-populated\">\n\t\t\t\t\t\t\t\t<div class=\"elementor-element elementor-element-74ed92a elementor-widget elementor-widget-heading\" data-id=\"74ed92a\" data-element_type=\"widget\" data-widget_type=\"heading.default\">\n\t\t\t\t<div class=\"elementor-widget-container\">\n\t\t\t<h2 class=\"elementor-heading-title elementor-size-default\"><a href=\"https:\/\/smav.alwaysdata.net\/test\/\">Accueil<\/a><\/h2>\t\t<\/div>\n\t\t\t\t<\/div>\n\t\t\t\t<div class=\"elementor-element elementor-element-196d1e6 elementor-widget elementor-widget-heading\" data-id=\"196d1e6\" data-element_type=\"widget\" data-widget_type=\"heading.default\">\n\t\t\t\t<div class=\"elementor-widget-container\">\n\t\t\t<h2 class=\"elementor-heading-title elementor-size-default\"><a href=\"https:\/\/smav.alwaysdata.net\/test\/index.php\/home-2\/\">\u00c0 propos<\/a><\/h2>\t\t<\/div>\n\t\t\t\t<\/div>\n\t\t\t\t<div class=\"elementor-element elementor-element-fb4c2f2 elementor-widget elementor-widget-heading\" data-id=\"fb4c2f2\" data-element_type=\"widget\" data-widget_type=\"heading.default\">\n\t\t\t\t<div class=\"elementor-widget-container\">\n\t\t\t<h2 class=\"elementor-heading-title elementor-size-default\"><a href=\"https:\/\/smav.alwaysdata.net\/test\/index.php\/accueil-galerie\/\">portfolio<\/a><\/h2>\t\t<\/div>\n\t\t\t\t<\/div>\n\t\t\t\t\t<\/div>\n\t\t<\/div>\n\t\t\t\t<div class=\"elementor-column elementor-col-50 elementor-inner-column elementor-element elementor-element-1f94c3f\" data-id=\"1f94c3f\" data-element_type=\"column\">\n\t\t\t<div class=\"elementor-widget-wrap elementor-element-populated\">\n\t\t\t\t\t\t\t\t<div class=\"elementor-element elementor-element-76d2ff2 elementor-widget elementor-widget-heading\" data-id=\"76d2ff2\" data-element_type=\"widget\" data-widget_type=\"heading.default\">\n\t\t\t\t<div class=\"elementor-widget-container\">\n\t\t\t<h2 class=\"elementor-heading-title elementor-size-default\"><a href=\"https:\/\/smav.alwaysdata.net\/test\/index.php\/contact\/\">contAct<\/a><\/h2>\t\t<\/div>\n\t\t\t\t<\/div>\n\t\t\t\t\t<\/div>\n\t\t<\/div>\n\t\t\t\t\t\t\t<\/div>\n\t\t<\/section>\n\t\t\t\t<div class=\"elementor-element elementor-element-94ddadf elementor-widget elementor-widget-text-editor\" data-id=\"94ddadf\" data-element_type=\"widget\" data-widget_type=\"text-editor.default\">\n\t\t\t\t<div class=\"elementor-widget-container\">\n\t\t\t\t\t\t\t<p>@ Noho Studio &#8211; Copyrights 2021<\/p>\t\t\t\t\t\t<\/div>\n\t\t\t\t<\/div>\n\t\t\t\t\t<\/div>\n\t\t<\/div>\n\t\t\t\t\t\t\t<\/div>\n\t\t<\/section>\n\t\t\t\t\t\t<\/div>\n\t\t\t\t\t<\/div>\n\t\t","protected":false},"excerpt":{"rendered":"<p>Prestations Studio Reportages Photo &#038; Vid\u00e9o Supports print Formules &#038; Tarifs Maison NoHo Galerie \u00c0 propos Contact X SHILOH HERITAGE Des bottes fabriqu\u00e9es \u00e0 la main dans une usine au savoir-faire centenaire.Voici les valeurs de Shiloh Heritage.Ce tournage avait pour but de donner vie \u00e0 ces cr\u00e9ations uniques inspir\u00e9es de l&rsquo;univers Santiag. La journ\u00e9e parisienne [&hellip;]<\/p>\n","protected":false},"author":1,"featured_media":0,"parent":0,"menu_order":0,"comment_status":"closed","ping_status":"closed","template":"","meta":{"footnotes":""},"class_list":["post-1219","page","type-page","status-publish","hentry"],"_links":{"self":[{"href":"https:\/\/smav.alwaysdata.net\/test\/index.php\/wp-json\/wp\/v2\/pages\/1219","targetHints":{"allow":["GET"]}}],"collection":[{"href":"https:\/\/smav.alwaysdata.net\/test\/index.php\/wp-json\/wp\/v2\/pages"}],"about":[{"href":"https:\/\/smav.alwaysdata.net\/test\/index.php\/wp-json\/wp\/v2\/types\/page"}],"author":[{"embeddable":true,"href":"https:\/\/smav.alwaysdata.net\/test\/index.php\/wp-json\/wp\/v2\/users\/1"}],"replies":[{"embeddable":true,"href":"https:\/\/smav.alwaysdata.net\/test\/index.php\/wp-json\/wp\/v2\/comments?post=1219"}],"version-history":[{"count":31,"href":"https:\/\/smav.alwaysdata.net\/test\/index.php\/wp-json\/wp\/v2\/pages\/1219\/revisions"}],"predecessor-version":[{"id":1734,"href":"https:\/\/smav.alwaysdata.net\/test\/index.php\/wp-json\/wp\/v2\/pages\/1219\/revisions\/1734"}],"wp:attachment":[{"href":"https:\/\/smav.alwaysdata.net\/test\/index.php\/wp-json\/wp\/v2\/media?parent=1219"}],"curies":[{"name":"wp","href":"https:\/\/api.w.org\/{rel}","templated":true}]}}